r**5/60 + r**2 + 4. Calculate n(-1).
-10
Let a(m) = m**3 - 7*m**2 - m + 2. Let v be a(7). Let g(b) = -6*b**2 - 5*b + 7. Let h(y) = -7*y**2 - 5*y + 7. Let p(j) = -6*g(j) + 5*h(j). What is p(v)?
-7
Suppose 17 = -4*n + 53. Let p be 6/n - 4/6. Suppose d = 4*t + 22, p*d - 4*d - 2*t + 16 = 0. Let v(o) = o - 9. Calculate v(d).
-3
Let z(j) = j**2 + 11*j - 17. Let h = 69 - 64. Suppose 3*w - 6 = -5*c - 47, 19 = -2*w + h*c. Calculate z(w).
-5
Let c(g) = -2*g + 4. Let o be c(5). Let i(b) be the second derivative of b**4/12 + b**3 - 2*b**2 + 116*b. Give i(o).
-4
Suppose -3*b - 34 = -10. Let g(n) = -19895*n + 9950*n + 9946*n + 14. Give g(b).
6
Suppose 2*t - 15 = 2*q - 11, -5*t = 5*q - 60. Let x(o) be the first derivative of -o**2/2 + 9*o + 6. Give x(t).
2
Suppose 2*u + 2*x - 18 = 0, 2*u - 2*x + 11 - 9 = 0. Let b(y) = y - 6. Give b(u).
-2
Let d(l) = 2*l**3 + 1. Let m(c) = -7*c**3 + 2*c**2 - 20. Let w(f) = 3*d(f) + m(f). Give w(0).
-17
Let y = -26 - -36. Let n(m) = -m**2 + 10*m - 1. What is n(y)?
-1
Let y be (-1)/(-1*1/(-9)). Let g(w) = w**2 - 2*w - 1. Let r(c) = 3*c**2 - 17*c - 16. Let s(k) = -4*g(k) + r(k). What is s(y)?
-12
Let n be -2 - (0 - 12 - -2). Suppose 3*u = -4*o - u + 20, 0 = -2*u + n. Let a(y) = 18786*y - 4*y**3 + 1 - 18788*y + 7*y**3. Determine a(o).
2
Suppose -r - 3 = -4*z - 13, 5*z = 0. Let y(i) = 3 - 3*i**2 - r*i + 36*i - i**2 + i**2. Let u(m) = m**2 - 9*m - 1. Let l(x) = -8*u(x) - 3*y(x). Calculate l(6).
-1
Let n(d) = d**2 + 13291 - 13336 + 0*d**2. Give n(7).
4
Let h(j) = -j**2 + 13*j - 9. Let q be 7/((-140)/8) - (-160)/25. Calculate h(q).
33
Let r be (-1)/(3/9)*-1. Suppose 2*c = -c + r. Let q(n) = 6*n + 0 - n + 1. Give q(c).
6
Suppose -15*p + 3070 = -5*p. Let i(z) = -4 + 6*z - 306*z**2 + 2 + p*z**2. Determine i(-6).
-2
Let y(d) = -d**2 - 7*d + 12. Suppose 22*w = w - 210. What is y(w)?
-18
Let z(b) = -b**2 + 3*b + 5. Suppose 0*h = h. Suppose h = 3*t - 0*t + 3*x + 9, 3*x + 9 = 5*t. Suppose -7*q + 3*q + 20 = t. What is z(q)?
-5
Let z(r) = r**2 + 10*r + 14. Let b(p) = 8*p**3 + p**2 - 2. Let j be b(-1). What is z(j)?
5
Let g be (10/3)/((-2)/(-3)). Let n(r) = 3*r - 2. Let s(q) = 5*q + 2. Let v(a) = 9*a + 3. Let l(c) = -5*s(c) + 3*v(c). Let t(w) = -5*l(w) + 3*n(w). What is t(g)?
-6
Let w(k) = -3*k - 1. Let g = -130 + 124. Calculate w(g).
17
Let d(x) be the third derivative of x**6/720 - x**5/20 - x**4/8 + 5*x**3/6 + 2*x**2 + 14. Let j(p) be the second derivative of d(p). Give j(11).
5
Let m(o) = -o**2 - 16*o - 73. Let v be m(-9). Let z(w) = -3*w + 9. What is z(v)?
39
Let d(x) = -x**2 - 5*x - 2. Let r be d(-2). Suppose -3 - 1 = -r*g. Let w(a) = 0 - a - g - 10. Determine w(-6).
-5
Let m = -319/4 - -80. Let u(k) be the first derivative of -k - m*k**4 - 4 + k**3 + 5/2*k**2. Give u(4).
3
Suppose -152 + 167 = 4*l - 3*r, -20 = -5*l + 5*r. Let u(s) be the first derivative of -4*s**2 - 1/3*s**l - 3*s + 9. Give u(-8).
-3
Let g(l) be the second derivative of 0 - 1/2*l**3 + 0*l**2 + 5*l. Let m(w) = -w**3 - 5*w**2 - 2*w + 4. Let p be m(-4). What is g(p)?
12
Let m(g) = -g - 1. Let t be 2*(-65)/52*(-6)/15. Calculate m(t).
-2
Let w(b) be the third derivative of -b**5/12 + b**3/6 - 4*b**2 + 87*b. Let y(p) = p**3 - p**2 - 2*p + 1. Let n be y(2). Calculate w(n).
-4
Let w(x) = -2*x**2 - 2*x + 6. Suppose 0 = -12*k - 5*k - 51. Give w(k).
-6
Let f(u) be the first derivative of -u**2 + 7*u + 2. Suppose r + 2*k - 32 = -2*r, 0 = k + 5. Let v be 66/r + 4/14. Determine f(v).
-3
Let x(d) = -d + 2. Let y be (0 + -1)*-2*2. Suppose y*p - 2*p - 28 = 0. Suppose p = 4*v - 10. Determine x(v).
-4
Let b(l) = 7*l**2 - 6*l + 5. Let c be b(2). Let o(m) = 1 - 1 + c*m - 28*m + 1. Determine o(-1).
8
Let n(h) be the second derivative of h**3/6 - 19*h**2/2 + 90*h. What is n(0)?
-19
Let f = -7 + 11. Let l = -4 + f. Let r(o) = 2*o**2 - o + 2. Let w(u) = 3*u**2 - u + 1. Let d(i) = 4*r(i) - 3*w(i). Give d(l).
5
Let t be 50/(-425) - (-30)/(-34). Let w(s) = -s**3 + s**2 - s + 3. Let v be w(0). Let c(o) = 3*o - 3*o - 7*o**v + o. Give c(t).
6
Let a be ((-105)/84)/(2/(-8)). Let s(n) = -n**3 + 3*n**2 + 3*n - 4. Let v(w) = -w**3 + 2*w**2 + 4*w - 4. Let q(d) = 3*s(d) - 2*v(d). What is q(a)?
1
Let h(v) = -v + 3. Suppose 49*m + 92 = 47*m. Let q = -39 - m. Determine h(q).
-4
Let z(b) = 6*b**3 - 16*b**2 + 24*b - 46. Let m(x) = -5*x**3 + 16*x**2 - 25*x + 39. Let c(s) = -5*m(s) - 4*z(s). Determine c(14).
3
Let p(g) = -6*g + 2*g + 1 + 0. Let s(b) = b - 7. Let c be s(9). Suppose -13*o = -14*o - c. Determine p(o).
9
Let m(t) = -t**2 - 10*t - 3. Let w(x) = 3*x**2 - 23*x + 8 - x**3 - x**2 + 27*x. Let j be w(4). Calculate m(j).
13
Let h(t) = 2 - 5 - 40*t**2 + 47*t**2 - 2 + 5*t + t**3. What is h(-6)?
1
Suppose g - 4*a - 6 = 0, -3*g - 5*a + 3*a + 4 = 0. Let r(k) = k - 3. What is r(g)?
-1
Let f = -14 + -2. Let g = -14 - f. Let l(h) = -h**3 + 0 + 3*h + 2*h - 3*h - 4*h**g - 6. What is l(-5)?
9
Let q(u) = -u - 5. Let d be q(-5). Let v(m) be the third derivative of m**5/60 + 15*m**2. Let k(w) = 5*w**2 - w - 6. Let h(r) = k(r) - 4*v(r). Determine h(d).
-6
Let i(w) = -w**2 + 8*w - 1. Let r be (-24)/32 + (-62)/(-8). What is i(r)?
6
Let l(u) = 2*u - 4. Let r(b) = b - 5. Let q(s) = -6*l(s) + 5*r(s). Give q(2).
-15
Suppose -4*j = -4*p - 12, j - 2*p = 2*p - 3. Let x(r) = -j*r + 2*r + 3*r - 11 + r. Determine x(10).
-1
Let w(b) = b**2 - b - 1. Suppose -5*p - 20 = 0, -2*i = i + 3*p - 24. Let q be 24/(-2)*i/(-36). Suppose -l - 9 = -q*l. Give w(l).
5
Suppose 4*b + 4*r = -2 - 2, b + 3*r = -7. Let f(n) = -133*n + 139*n + 8 - n**b + 0*n**2. What is f(6)?
8
Let d(h) = 5*h + 6. Let t(r) = 16*r + 18. Let m = 21 - 23. Let n(v) = m*t(v) + 7*d(v). Calculate n(-4).
-6
Let b(j) = j**2 - 2*j + 3. Suppose -4*q = 5*g + 5, -4*g - 110 + 122 = 0. What is b(q)?
38
Let j(k) = -2*k - 4. Let h(r) = r**3 + r**2 - 60*r - 26. Let y be h(-8). Determine j(y).
-16
Let l(u) = u**3 - u**2 - 3*u + 2. Let d be -4*(-1*210 + 1). Let s = d + -596. Let x be (-4)/(-22) + s/132. Determine l(x).
0
Let k(i) = 2*i**3 - 4*i**3 + 3*i**3 - 3*i**2 - 3*i - 5 + 3 - 3. Let v be 8/5*10/4. Determine k(v).
-1
Suppose -4*g = -v + 10, 5*v - 9*g - 33 = -6*g. Let d(k) = -k**2 + 4*k + 5. What is d(v)?
-7
Let z(o) = -9*o - 8. Let u(i) = 8*i + 7. Let p(a) = -5*u(a) - 4*z(a). What is p(8)?
-35
Let j(m) = m**2 + 5*m - 5. Let a(i) = -i**3 + 5*i**2 - 12*i + 12. Let z be a(6). Let h = z - -91. Give j(h).
-5
Let h = -72 - -74. Suppose -k + h = p, 8*k = 3*k + 3*p + 34. Let c(n) = n - 5. Determine c(k).
0
Suppose 4*j + j = -10. Let z(s) = 2*s**2 + 2*s + 2. What is z(j)?
6
Let o(c) = -c**2 - 23*c - 24. Let t be o(-22). Let r(m) = 11*m + 3. Give r(t).
-19
Let g(n) = -2*n - 2. Let j = 46 - 26. Suppose -5*u - 2 - 23 = -5*l, 0 = 3*u - 5*l + 25. Suppose -4*k + j = u, -2*k = -2*p - 2*p - 30. What is g(p)?
8
Let z(k) = k**3 - 9*k**2 + 10*k - 2. Let d be z(9). Let c = d - 85. Let r(q) = q**3 - 4*q**2. What is r(c)?
-9
Let r(y) be the second derivative of -5*y**3/6 + 3*y**2 + 247*y. What is r(1)?
1
Suppose -i = -z + 2, 0*z - 2*z + 4 = 0. Let p(d) = -6103086*d + 6103086*d + 20 + d**3. Determine p(i).
20
Let g(w) = -7*w - 2. Suppose 0*n - 6 = -n. Let r be (-17)/1*((2 - 0) + -3). Let p(i) = 20*i + 6. Let h(j) = n*p(j) + r*g(j). Determine h(-3).
-1
Let o(h) be the first derivative of h**4/4 + 5*h**3/3 - 3*h**2/2 - 2*h + 753. What is o(-4)?
26
Let v(z) = z**2 + 3*z + 1. Suppose -5*d + 2*m = -15 - 3, -5*m = -5*d + 15. Suppose d*g + 1 + 7 = 0. Give v(g).
-1
Let s(x) = x**2 - 4*x - 1. Let m(o) = 7*o + 36. Let g(n) = -n - 1. Let a(l) = -5*g(l) - m(l). Let z be a(-17). Determine s(z).
-4
Let z(j) be the first derivative of -j**3/3 - 7*j**2/2 + j - 55. Calculate z(-6).
7
Let g = 10 + -7. Let c(o) = -g*o**2 + 0*o - 1 - 4 + 3*o - o**3 + 0*o**3. What is c(-4)?
-1
Let b(d) = -d + 1. Let o(w) = -10*w - 1. Let l(y) = 6*b(y) - o(y). Let p(x) = -3*x - 6. Let f = -70 + 72. Let s(q) = f*l(q) + 3*p(q). Calculate s(-5).
1
Let y(g) = -7*g**2 + 3*g - 10. Let m(f) = -25*f**2 + 8*f - 29. Let d(k) = 2*m(k) - 7*y(k). What is d(-6)?
6
Let o(c) be the third derivative of c**5/60 + 5*c**4/24 - c**3/3 + 4*c**2. Suppose 2*m + m - 39 = 5*l, -52 = -4*m - 5*l. Suppose -5 - m = 3*r. Calculate o(r).
4
Let g = 1158 + -1166. Let n(w) = 2*w + 19. What is n(g)?
3
Let m(j) = 0 + 2*j + 3 + 15*j**2 - 18*j**2 - 4*j - j**3 + j. What is m(3)?
-54
Let 